= -l**3 + 3*l**2 - l + 1. Let b be n(3). Let u be (4 + b + -3)*-1. Let z = u - -4. Calculate the remainder when 9 is divided by z.
4
Let i = 6 - 8. Calculate the remainder when 1 is divided by 0 + ((-3)/3 - i).
0
Suppose -4*y = 3*q - 42, 5*q + 3*y - 37 - 22 = 0. Let h = 0 + q. Calculate the remainder when 29 is divided by h.
9
Let f = 1 + 4. Suppose -6 + 1 = -f*z. Calculate the remainder when 32 is divided by (-33 - z)*3/(-6).
15
Let l(m) = m**3 + 5*m**2 - 5*m. Let j be l(-6). Let q = 3 + j. What is the remainder when 16 is divided by (-75)/(-9) - 2/q?
7
Let l(w) = w**2 - w - 6. Suppose -2*u + 29 = h - 28, -3*h + 119 = 4*u. What is the remainder when u is divided by l(5)?
12
Let k(x) = x**3 + 5*x**2 - x + 7. What is the remainder when 35 is divided by k(-5)?
11
Suppose 0 = 17*m - 4*m - 416. Let d(v) = 2*v**2 + 3*v + 3. What is the remainder when m is divided by d(-3)?
8
Suppose 0 = -4*k - 51 - 93. Let y = k - -51. Suppose 0 = -2*d - 2*d + 176. What is the remainder when d is divided by y?
14
Suppose 3*r - 20 = -r + 4*z, -4*r - 5*z + 2 = 0. Suppose r*l - 8*l = -20. What is the remainder when l is divided by 2?
0
Let q = 7 - 11. What is the remainder when 19 is divided by (q - -3)*(-1 + -10)?
8
Calculate the remainder when (-3 + -159)*(-3 - (2 - 4)) is divided by 43.
33
Let s(v) = 6*v**2 - v + 1. Let j be s(2). Let b = j - 1. Let i(d) = d**3 - 2*d**2 - 1. What is the remainder when b is divided by i(3)?
6
Let t(c) = c**2 - 5*c - 8. Let b be t(6). Let w(p) = -p + 9. What is the remainder when w(7) is divided by b + 3 + 1 + -1?
0
Let d(h) = -4*h**3 - 1. Let l be d(-1). What is the remainder when 17 is divided by l*4/6 - -4?
5
Suppose 0 = 10*m - 3 - 7. Let p(b) = b**2 - 3*b - 4. Let n be p(4). Let s = 1 - n. Calculate the remainder when m is divided by s.
0
Suppose 0*u - 3*u = -93. Let p = u - 19. Calculate the remainder when 21 is divided by p.
9
Let v(p) = 3*p**2 + 5*p - 4. Let l be v(4). Suppose 5*j - 81 - l = 0. Calculate the remainder when 113 is divided by j.
26
Let i = -23 + 38. Let m = i + 0. Suppose 2*u + 22 = 3*z, 4*u + 5 = -m. What is the remainder when z is divided by 2?
0
Let v(x) = x**2 + 7*x + 2. Let n be v(-7). Suppose 0 = n*f - 71 - 21. Let h(z) = -z**2 + 10*z + 7. What is the remainder when f is divided by h(9)?
14
Let d be (408/32)/((-1)/4). Let y = 139 + d. Calculate the remainder when y is divided by 30.
28
Suppose -4 = -5*t + 4*t. Calculate the remainder when t is divided by 3.
1
Suppose -3 = d - 11. Let x be d/36 + (-428)/(-18). Suppose -3*u = -u - x. What is the remainder when 34 is divided by u?
10
Suppose 2*b + 4*w - 4 = 0, -5*w + 7 = 4*b - 1. Let u = -4 + 9. What is the remainder when u is divided by b?
1
Suppose 7*l - 105 - 14 = 0. Calculate the remainder when 98 is divided by l.
13
Suppose 2*y + 435 = 5*m - 3*y, 3*y - 348 = -4*m. Calculate the remainder when m is divided by 18.
15
Suppose 120 = 3*f + 3*l, 0 = 3*f - 2*l - 147 + 37. Calculate the remainder when 74 is divided by f.
36
Let y = 33 - -24. Let o = y + -40. Calculate the remainder when o is divided by 10.
7
Suppose 3*k - 2 = -8. Let h be ((-1)/(k/10))/1. Suppose -j + 5*u - 84 = -h*j, -j - 3*u + 28 = 0. What is the remainder when 29 is divided by j?
13
Let m(x) be the first derivative of 6*x**2 + x + 2. What is the remainder when 25 is divided by m(1)?
12
Let b(y) = 9*y - 2. Let m(r) = 2*r**2 + 5*r. What is the remainder when m(-4) is divided by b(1)?
5
Let u = -4 + 7. Let p = 14 - 13. What is the remainder when u is divided by p?
0
Suppose 3*o - 2*s - 13 - 38 = 0, 5*o - 104 = -3*s. Let c = o - 10. Calculate the remainder when 16 is divided by c.
7
Let i = -17 - -15. Calculate the remainder when 6 is divided by -2 - i/(-2)*-5.
0
Suppose 2*i - 80 = -5*k - 3*i, -i = -5*k + 86. Calculate the remainder when k is divided by 5.
2
Let m(u) = 2*u**2 + 2*u + 3. What is the remainder when m(-2) is divided by ((-64)/(-28) - 2) + 19/7?
1
Suppose 0 = -2*w - 2*x + 54, -3*w + 2*x + 89 - 23 = 0. Suppose j + w = 5*p, -2*j - 3*p + 12 = 60. Let o = j + 47. What is the remainder when o is divided by 13?
10
Suppose -5*v = -x - x - 4, -2*x + 32 = 4*v. Let p(n) = -16*n**3 - n**2. Suppose 0 = -3*q - 2 - 1. Calculate the remainder when p(q) is divided by x.
7
Suppose 2*o = -55 + 65. Let u be -1*3*(-10)/3. Let y = 14 - u. What is the remainder when o is divided by y?
1
Let a = 18 - 13. What is the remainder when 7 is divided by a?
2
Let r(y) = 13*y**2 + 3*y - 4*y + 2 - 2*y + 1. Calculate the remainder when r(2) is divided by 13.
10
Let q = 125 + -89. What is the remainder when 139 is divided by q?
31
Let o(y) = 2*y**3 - 8*y**2 + 6*y + 7. Let k be o(5). Let q = k - 47. What is the remainder when q is divided by 21?
19
Let v(q) = -q**3 - 12*q**2 - q + 8. Let l be v(-12). Suppose k + 4*k = l. What is the remainder when 4 + (1 + -3)/(-2) is divided by k?
1
Let z = -12 - -19. Let n = -110 + 136. What is the remainder when n is divided by z?
5
Let o be (-16)/(-10) + 4/10. Suppose 16 = o*s + 2*s. Let d(y) = -y. Calculate the remainder when s is divided by d(-3).
1
Let o(a) = -4*a + 2. Let j be o(2). Let b = 4 + j. Calculate the remainder when 7 is divided by 1/(b + 3) - -2.
1
Let n = -11 + 15. Calculate the remainder when (-1 - (-30)/n)*2 is divided by 5.
3
Let k(n) = 7*n + 4. Calculate the remainder when k(13) is divided by 24.
23
Let l be 3 + -3*4/(-12). Suppose -28 - 160 = -l*f. What is the remainder when f is divided by 12?
11
Let h(s) = 13*s**2 - 2*s - 1. What is the remainder when (1 - -81)*(-6)/(-12) is divided by h(-1)?
13
Let v(t) = t**3 - 4*t**2 + 2*t - 1. Let p be v(3). Let h be 2/p + 79/2. Calculate the remainder when 25 is divided by (h/(-9))/((-2)/6).
12
Suppose -6 = 5*x - 36. Suppose -2*u - 2*u = a - 56, 0 = -3*a - 12. Suppose u = p + 5. Calculate the remainder when p is divided by x.
4
Suppose -k = -3*k + 24. Let q be -3*((-16)/3 - -2). Suppose -3*c = -z + q, -20 = 2*z + 5*c - 84. What is the remainder when z is divided by k?
10
What is the remainder when 12/5*(-35)/(-14) is divided by 3?
0
Suppose -5*h = q + q - 85, 25 = 5*q. What is the remainder when 34 is divided by h?
4
Suppose -3*i - 6 = 2*u - 25, -5*u = 5. What is the remainder when i is divided by 4?
3
Let p = -10 + 10. Suppose 0 = -5*s + v + 16, -2*s + v + 0 + 7 = p. Calculate the remainder when s is divided by 3.
0
Let i(h) = -h**3 + 8*h**2 - 5*h + 3. Calculate the remainder when 42 is divided by i(7).
8
Let q(r) = -6*r + 2. Let l be (-5)/(25/(-2))*-5. What is the remainder when 27 is divided by q(l)?
13
Let b be -1 + 0 + (4 - -21). Suppose -5*g = 3*f - 32 - b, -2*f = -g - 59. Calculate the remainder when f is divided by 10.
7
Let q = 0 - -15. Let h = q - 4. What is the remainder when 21 is divided by h?
10
Suppose 0 = 3*k - v - 7 - 3, -4*k + v + 12 = 0. Calculate the remainder when 2 is divided by k.
0
Let z(p) be the first derivative of 5*p**3/3 - p**2 + p + 3. What is the remainder when z(2) is divided by 6?
5
Suppose w = -5*w + 198. What is the remainder when w is divided by 7?
5
Let v(b) = -21*b - 10. Calculate the remainder when v(-6) is divided by 30.
26
Calculate the remainder when (39/13)/((-1)/(-6)) is divided by (-2)/3 - 34/(-6).
3
Let u(l) = -l**3 - 6*l**2 - 7*l - 4. Let y = 25 - 21. What is the remainder when u(-5) is divided by y?
2
Suppose -4*g = -5*n + 11 + 5, -g = -n + 3. Suppose -5 + g = -z. Suppose -z*p = -5*y - 73, -2*y + 2 = 12. Calculate the remainder when p is divided by 7.
5
Let k = -2 + 15. Let d = 4 - 3. Calculate the remainder when k is divided by 7/d*(6 + -5).
6
Suppose z = 4*x + 24, -12*z + x + 127 = -9*z. Calculate the remainder when 129 is divided by z.
41
Calculate the remainder when -2 - (-344 + 4)/4 is divided by 43.
40
Suppose 2*f + 1 = 4*f + 5*m, -2*m - 75 = -5*f. Calculate the remainder when 49 is divided by f.
10
Calculate the remainder when (300/(-250))/(3/(-100)) is divided by 13.
1
Let h(l) = -2*l**3 - l**2 - 2*l - 2. Calculate the remainder when h(-3) is divided by 11.
5
Let g be 71/(-2)*4/(-2). Let p = g - 22. What is the remainder when p is divided by (-328)/(-20) + (-6)/(-10)?
15
Suppose -4*y + 2*y = -4. Suppose p + y*p = 21. What is the remainder when 19 is divided by p?
5
Suppose 0*i + 2*i = 56. What is the remainder when 110 is divided by i?
26
Let m be 17/4 + (-2)/8